2). Suppose 42 - 15 = z*m. What is the remainder when m is divided by 6?
3
Let h = -5 - -12. Suppose 2*t + 16 = 2*c, -4*t = 3*c + 4 + 7. Let y = t - -8. What is the remainder when h is divided by y?
1
Let u = -21 + 28. Calculate the remainder when u is divided by 6.
1
Suppose t + t - 26 = -2*f, 0 = -2*f + 5*t + 40. Calculate the remainder when 42 is divided by f.
12
Suppose 222 = -12*t + 15*t. Calculate the remainder when t is divided by 26.
22
Let i(f) = 2*f**3 - 10*f**2 + 4*f - 11. Calculate the remainder when 13 is divided by i(5).
4
Let y be (-1 + 0)*1*4. What is the remainder when 6 is divided by 1/1*y/(-2)?
0
Let z = -18 + 167. What is the remainder when z is divided by 30?
29
Suppose -63 = -5*n + 12. What is the remainder when 87 is divided by n?
12
Let h(b) = -b**2 + 6*b + 8. Calculate the remainder when 31 is divided by h(6).
7
Let q(n) = -10*n + 9. Let r = -11 - -17. Let s be q(r). Let l = s - -98. Calculate the remainder when l is divided by 16.
15
Suppose -3*u = -l - 6, 0*l + 3*l - 4*u = 2. Let g = l - 0. Calculate the remainder when g is divided by 3.
0
Suppose 5*h - 43 + 18 = 0. Suppose 26 = 3*q + h. What is the remainder when 178/14 + 6/21 is divided by q?
6
Calculate the remainder when 78 is divided by 5/(-55)*-2 + (-295)/(-11).
24
Suppose -3*f + f = -822. Suppose -4*v - 35 = -f. Calculate the remainder when v is divided by 24.
22
Suppose -4*j - 12 = 0, 3*j + 120 = -5*x + 391. Calculate the remainder when x is divided by 30.
26
Suppose 203 = 4*x + 67. Calculate the remainder when x is divided by 19.
15
Suppose 0 = 7*l - 2*l. What is the remainder when 10 is divided by (5 + l)/((-20)/(-24))?
4
Let h = -88 - -30. Let f = -6 + 12. Calculate the remainder when h/(-3) - 2/f is divided by 10.
9
Suppose 3*i + i = 28. What is the remainder when 8 is divided by i?
1
Let d(s) = 2*s**3 - 7*s**2 - 2*s - 1. Let g = 56 - 31. Calculate the remainder when g is divided by d(4).
4
Let q(m) = m**3 - 8*m**2 + 10*m - 2. Let y = -7 - -14. What is the remainder when 35 is divided by q(y)?
16
Let z be (39/(-12))/((-3)/12). Let q be -1*1*(z - 7). What is the remainder when (3/q)/((-1)/88) is divided by 15?
14
Let c = -43 + 52. Calculate the remainder when 25 is divided by c.
7
Suppose 2*x + 15 = 3*k, x + x - 4*k = -14. Let z be -4*(-4 - (-5 + 5)). Let f = z + x. What is the remainder when f is divided by 5?
2
Let q = -82 + 143. What is the remainder when q is divided by 7?
5
Let b = -9 + 12. Suppose -b = f - 13. What is the remainder when f is divided by 6?
4
Suppose 8 = 4*g, -g = 3*y - 79 - 52. What is the remainder when y is divided by 22?
21
Let s be ((-1)/3)/((-3)/171). Let v = -7 + s. What is the remainder when v is divided by 7?
5
Let n = -9 + 32. Calculate the remainder when n is divided by 6.
5
Let k(g) = -4*g - 4. Let p(i) = -17*i - 17. Let x(u) = -26*k(u) + 6*p(u). Let l be x(2). Calculate the remainder when l/(-9)*99/(-6) is divided by 6.
5
Let a(r) = -6*r - 8. What is the remainder when 28 is divided by a(-4)?
12
Let k(z) = -z**2 - 3*z + 3. Let v be k(-3). Let x(q) = 3*q**2 - 2*q - 2. Let h be x(v). Suppose -3*n = -h - 32. Calculate the remainder when n is divided by 6.
5
What is the remainder when -15*2*(-4)/20 is divided by 3?
0
Suppose g - 6*g = -f - 12, -5*g - 5*f = 0. Let p(b) = 2 + 1 - 8 + 4 + 25*b. What is the remainder when p(g) is divided by 17?
15
Suppose -2*c = c - 30. Suppose -7*v + c = -2*v. Suppose -2*d - 6*s = -2*s + 10, v*s + 8 = 0. Calculate the remainder when 8 is divided by d.
2
Suppose 1 = 3*b + 2*i - 7, -2*i = -3*b + 16. Suppose -v = 2 - b. Calculate the remainder when 3 is divided by v.
1
Let l(t) = t - 7. Let a(f) = -8. Let w(s) = -4*a(s) + 5*l(s). What is the remainder when 45 is divided by w(3)?
9
Let c(m) = m**2 + m - 7. Let o be c(-5). Suppose 4*g + x = 2, -3*g + 4*x = 2*g - o. Calculate the remainder when 1 is divided by g.
0
Suppose -14*r = -9*r - 25. Suppose b = -4 + 18. Calculate the remainder when b is divided by r.
4
Let m(f) = -f**2 + 2*f + 1. Let a be m(2). Calculate the remainder when (2/4)/(2/28) is divided by (-1)/(-2)*a*8.
3
Suppose 3*i - 6*i = 3*y - 39, 8 = 4*i. Let f be (15/(-12))/((-1)/64). Suppose 0 = -4*t + f - 0. Calculate the remainder when t is divided by y.
9
Let n(g) = -40*g + 1. Let x(m) = m**2 + 3*m - 19. Calculate the remainder when n(-1) is divided by x(-8).
20
Let a(h) = -h**2 + 5*h + 10. Let x be a(7). What is the remainder when 906/24 + 2/8 is divided by (13/x)/((-2)/8)?
12
What is the remainder when 175 is divided by (22/2)/((-1)/(-2))?
21
Let t = 15 + -7. Calculate the remainder when (-9)/12 - 0 - (-440)/32 is divided by t.
5
Suppose 78 = 5*m - 107. Suppose 0 = -z - p + 14, m = 2*z + 2*p + 3*p. Calculate the remainder when 21 is divided by z.
10
Suppose -3*n + 5*h = n - 247, 0 = -2*n + 3*h + 123. Calculate the remainder when n is divided by 22.
19
Suppose -3*o - 3*b = 36 - 240, 269 = 4*o + b. What is the remainder when o is divided by 23?
21
Let l(t) = t**2 + 2*t - 5. Suppose 3*v + v = 16. Let q(b) = -b + 10. Calculate the remainder when l(v) is divided by q(0).
9
What is the remainder when (-30)/(-20)*(-332)/(-6) is divided by 21?
20
Suppose 0*g = 4*g - 8. What is the remainder when g is divided by 1?
0
Let o = -2 - -3. Let i(q) = q**2 - 2*q + 1. Let a be i(o). Let p = 5 - a. Calculate the remainder when 8 is divided by p.
3
Suppose -2*a - 5*n + 7 = -19, 3*a - 4*n - 85 = 0. Suppose 4*m - 5 = a. Calculate the remainder when 12 is divided by m.
5
Suppose 5*g - 3*g + 4 = 0. Let h(y) = -y**3 - 3*y**2 + y + 1. Calculate the remainder when 1 - (g - 21)/1 is divided by h(-4).
11
What is the remainder when 11 is divided by 12/(-6)*(-2 - (-3)/(-2))?
4
Let l be (-3)/(-1) + (1 - 3). Let f = 3 - l. Suppose f*d = 4*v - 3*d - 34, 3*v - 5*d = 28. Calculate the remainder when 17 is divided by v.
5
Let c be 2/3 + 8/6. Let k(f) = 35*f - 2. What is the remainder when k(c) is divided by 23?
22
Suppose -5*v = -33 + 18. Suppose 3 = 3*b - 3. What is the remainder when v is divided by b?
1
Let s = 2 - 1. Suppose -3*t + 2 = -s. Calculate the remainder when 1 is divided by t.
0
Let x = 173 + -144. Suppose -4*a + 3*r + 341 = 0, -a - 3*r = -6*a + 427. What is the remainder when a is divided by x?
28
Let x(f) = 4*f - 6. Let v be x(6). Let j = -13 + v. Suppose -7 = -j*d + 143. Calculate the remainder when d is divided by 16.
14
Suppose 6*h - 3*h - 282 = 0. Calculate the remainder when h is divided by 24.
22
Suppose -4*f - 221 = -5*z, 5*z - 130 - 94 = f. Calculate the remainder when z is divided by 23.
22
Calculate the remainder when 62 is divided by (48/(-40))/(6/(-40)).
6
Let x = -41 + 79. Calculate the remainder when x is divided by 10.
8
Suppose 0 = 4*k + 2*s - 14 - 6, -2*k = 4*s - 10. Let o = -18 - -13. Let h = o - -8. Calculate the remainder when k is divided by h.
2
What is the remainder when 36 is divided by (114/(-12))/((-2)/4)?
17
Suppose -3*d + 2*m + 110 = 7*m, 2*d - 75 = -3*m. Suppose -d = -5*x - 0*x. Calculate the remainder when x is divided by 5.
4
Let j = -5 - -23. Calculate the remainder when -3*(-7 + 0 + -4) is divided by j.
15
Let x(s) = -s**2 + 13*s - 6. Calculate the remainder when (-704)/(-6) - 18/(-27) is divided by x(9).
28
Let w(n) = n**3 - 10*n**2 + 10*n - 4. Calculate the remainder when w(9) is divided by 1.
0
Suppose -3*g - 63 = -2*z - 2*g, 5*z = g + 165. Let a = -13 + z. What is the remainder when a is divided by 8?
5
Suppose 29 = 5*b - 1. What is the remainder when 14 is divided by b?
2
Suppose 0*x + 3*x - 24 = 0. Let g = x + 0. Calculate the remainder when g is divided by 3.
2
Let y(c) = c**3 - 7*c**2 + 10*c - 14. Calculate the remainder when 29 is divided by y(6).
9
Let x(y) = 3*y**3 - 9*y**2 + 6*y + 3. What is the remainder when 35 is divided by x(3)?
14
Suppose -4*w = 2*x - 83 + 15, 0 = -5*x - w + 125. Calculate the remainder when x is divided by 7.
3
Let k(m) = m**2 + 3*m - 7. Suppose -41 = -n - 37. What is the remainder when k(-6) is divided by n?
3
Suppose -2*c = -3*c + 5. Let x = -2 + c. Calculate the remainder when 6 is divided by x.
0
Suppose -4*j + 174 = -38. Calculate the remainder when j is divided by 14.
11
Let b = 17 - 9. Calculate the remainder when b is divided by 5.
3
Suppose 34 = 2*s - 82. Suppose 2*u + 0*u = s. What is the remainder when u is divided by 5?
4
S